6*(-2 + -1) is divided by f.
25
Suppose 9*o + 2046 = 31*o. Let n(c) = 2*c**3 + 2*c**2 + 2*c + 3. Let y be n(-3). Let w = y + o. What is the remainder when w is divided by 19?
16
Let y = -12 + 14. Suppose 3*q + 94 = y*o, 2*q + 246 = -o + 6*o. What is the remainder when o is divided by 17?
16
Suppose -4*o = -4*x + 535 + 485, 3*o + 247 = x. What is the remainder when x is divided by 33?
28
Let z be 1/(0 - 3/(-15)). Suppose -z*g + 45 = 5. What is the remainder when 26/2 - (-2)/2 is divided by g?
6
Let j = 48 - 26. Suppose 0 = -5*l - 25, 2*d = -5*l - j + 7. Calculate the remainder when 21 is divided by d.
1
Let a(p) = -p**3 + 9*p**2 - 13*p - 1. Let o = 249 + -166. Calculate the remainder when o is divided by a(3).
13
Let d be ((-12)/9)/(4/12). Let k = d + 7. What is the remainder when 19 is divided by (-6)/(-9) - (-19)/k?
5
Let v = -124 - -153. Calculate the remainder when 315 is divided by v.
25
Let m(g) = 2*g**2 - 2*g - 4. Let x be 24/(-3) + 4 - -9. Suppose -52 = -0*s - 4*s. Calculate the remainder when m(x) is divided by s.
10
Suppose 0 = 2*w - 5*j - 32, -2*w + 4*w + 8 = -5*j. What is the remainder when 11 is divided by w?
5
Let b be 2/(-14) - 5616/84. Let z = -64 - b. What is the remainder when 17 is divided by z?
2
Let d = 66 + -60. Let b(k) = 29*k + 3. Calculate the remainder when b(d) is divided by 36.
33
Let h(w) = 4*w**2 - 53*w - 2. Let x be h(12). Let c = x - -115. Calculate the remainder when c is divided by 18.
17
Suppose 5*v - 10 = 5. Suppose 2*t = -v*h, 3*h - h - 3*t = 13. Calculate the remainder when h/(2 + (-50)/26) is divided by 9.
8
Suppose -2*h - h = 0. Suppose h = 2*a - 6*a + 84. Let u = 38 - 26. What is the remainder when a is divided by u?
9
Let a = -59 + 13. Let k = -30 - a. Let j(r) = -r**2 - 5*r + 2. What is the remainder when k is divided by j(-4)?
4
Let d(o) = o + 9. Let a(u) = 2*u + 18. Let m(b) = -2*a(b) + 5*d(b). Calculate the remainder when 19 is divided by m(-4).
4
Let f(b) = 39*b**3 + 2*b**2 - 1. Let l(t) = -5*t**3 - 8*t**2 + 15*t + 33. Calculate the remainder when f(1) is divided by l(-2).
7
Suppose -5*w - 30 = -85. Suppose 0 = -2*j + 8, 2*j - w = 3*u - 48. Calculate the remainder when 2/((-6)/u*-1) is divided by 3.
2
Suppose 3*b - 56 = -5*p, 0 = 3*b - 0*b - 3*p - 24. Suppose 7*v = b*v - 345. Calculate the remainder when v is divided by -1 - -1 - 36/(-2).
15
Suppose 6141*r = 6151*r - 640. What is the remainder when r is divided by 17?
13
Let p be (-1 - (-101)/(-2))/(1/(-6)). Let m = -182 + p. Calculate the remainder when m is divided by 26.
23
Let f(d) = -134*d + 553. What is the remainder when 115 is divided by f(4)?
13
Suppose -105*x + 103*x = -220. Calculate the remainder when x is divided by 16.
14
Let d = -307 + 328. What is the remainder when 228 is divided by d?
18
Suppose 5*u - 12 = -2*b - 0*b, b + 9 = 5*u. Let a(y) = 2*y**3 - y + 2. Calculate the remainder when 23 is divided by a(b).
2
Suppose 2*w = -4*v + 31 - 21, 3*v + 9 = 0. Calculate the remainder when 1472 is divided by w.
9
Let f be 12/6 - (-2 + 0). Suppose -4 = -4*p + 8, a - f*p + 18 = 0. Let s = 20 - a. What is the remainder when 49 is divided by s?
23
Suppose -6 = -5*i - 4*f, -5*i = f + 2*f - 7. What is the remainder when 210/8 + i + (-27)/(-36) is divided by 21?
8
Let q be (-1868)/(-18) - (145/(-45) - -3). Let y = -53 + q. What is the remainder when y is divided by 13?
12
Let v = 70 + -68. Suppose -4*x - 2*g = -292, -3*x + v*g + 199 + 6 = 0. Calculate the remainder when x is divided by 36.
35
Suppose 0 = 6*o + 3*o - 711. What is the remainder when o is divided by 10?
9
What is the remainder when 159 is divided by 9*(-15)/2*8/(-20)?
24
Suppose -f = -b - 22, 4*f - 5*b = 9*f - 120. What is the remainder when 305 is divided by f?
6
What is the remainder when 167 is divided by (44 - -4) + 7/(35/(-30))?
41
Suppose -28*f = -32*f + 60. Calculate the remainder when 43 is divided by f.
13
Let j be (-9)/6*(-8)/(-6). Let t be (18/27)/(j/(-168)). Suppose -4*a - 4*l + 56 = -l, 4*l = 4*a - t. Calculate the remainder when 67 is divided by a.
11
Suppose 4*w - 13 = 19. What is the remainder when w/(-12) + 195/9 is divided by 6?
3
Let w(o) = -2*o**3 + 19*o**2 - 6*o - 3. Let g be w(9). Suppose 19*m + 15 = g*m. Calculate the remainder when 3 is divided by m.
0
Suppose -3*d - 2*c + 70 = 0, -d + 1 = -4*c - 13. Suppose 0 = -2*s - 6. What is the remainder when d is divided by ((-6)/(-4))/(s/(-16))?
6
Let n be (-55)/(-1 - (-4)/6). Let d = n + -40. Calculate the remainder when d is divided by 32.
29
Suppose 0 = 2*h - 1 - 11. Suppose 0*u - 2*u = -3*i + h, 0 = 2*i + 4*u - 20. Suppose 2*c - i*c = -148. Calculate the remainder when c is divided by 11.
8
Suppose 7*c = 949 - 39. What is the remainder when c is divided by 34?
28
Let s(n) = n**3 - 12*n**2 - 269*n - 16. Calculate the remainder when s(24) is divided by 13.
11
Let c = 71 - 44. Suppose 7*m = 6*m + 107. Calculate the remainder when m is divided by c.
26
Let j be (34/4)/(1/2). Suppose 2 + 4 = -3*v, -3*i - 2*v + j = 0. Suppose 0*r - 128 = -32*r. Calculate the remainder when i is divided by r.
3
Suppose 12*s + 7*s - 418 = 0. What is the remainder when 42 is divided by s?
20
What is the remainder when 165 is divided by ((-3)/6)/((-35)/5810)?
82
Let k be ((-28)/(-21))/(2/(-150)). Let w = k - -142. Calculate the remainder when 125 is divided by w.
41
Let x be (-4)/(-18) + (-5 - (-86)/18). Suppose y + 2*a + 3*a = -7, 5*a + 15 = x. What is the remainder when 45 is divided by y?
5
Let d = 2758 + -2709. Calculate the remainder when 2498 is divided by d.
48
Let i = 1169 - 1155. Calculate the remainder when 265 is divided by i.
13
What is the remainder when 25 is divided by 0/(-1) - -1*(1 + 8)?
7
Suppose c - 28 - 21 = 0. Let w = c - -2. Let u(a) = -3*a**2 + 51*a - 22. What is the remainder when w is divided by u(16)?
25
Let i = 495 + -318. Calculate the remainder when i is divided by 13.
8
What is the remainder when 1358/6 - 63/27 is divided by 2?
0
Suppose -7*b - 12 = -4*b - 3*y, -5*y + 20 = -b. Suppose 2*d - 10 = b, 5*o + d = 58 + 117. Calculate the remainder when 67 is divided by o.
33
Let h be (-296)/(-14)*(-21)/(-6). Let y = 84 - h. Calculate the remainder when 49 is divided by y.
9
Let x = 279 - 198. Calculate the remainder when 33 is divided by 837/x - 4/3.
6
Suppose 0 = -4*w + 32. Let h = -110 - -124. What is the remainder when h is divided by w?
6
Let m(v) = -v**3 + 6*v**2 - 8*v + 128. What is the remainder when 61 is divided by m(7)?
15
Suppose 26*t - 116 = 30*t. Let z = t - -38. What is the remainder when 70 is divided by z?
7
Let s be (-2)/(2 - (-157)/(-78)). Suppose -2*o = 11*o - s. Let g = -69 + 114. Calculate the remainder when g is divided by o.
9
Let w = 314 + -306. What is the remainder when 127 is divided by w?
7
Let d = 324 - 280. What is the remainder when 350 is divided by d?
42
Suppose -3*i - 21 = -6*i. Let k = 15 + -10. Suppose -51 - 14 = -k*b. Calculate the remainder when b is divided by i.
6
Calculate the remainder when 4 + (-1276)/((-20)/5) is divided by 27.
26
Suppose 3*i + i - 247 = -y, 184 = 3*i + y. Suppose -2*m + c = -4, -5*m + 1 = -2*c - 9. Suppose -m*x + 26 = -0*x. What is the remainder when i is divided by x?
11
Suppose 4*r = -k + 3*k - 632, r - k + 157 = 0. Let c = 226 + r. What is the remainder when c is divided by 18?
13
Let d be 2/(1*(-3)/(-6)). Suppose d*h = 3*h. Suppose -3 = -r - 1, -2*y - 5*r + 40 = h. What is the remainder when 57 is divided by y?
12
Let v(z) = -z - 28. Let h be v(19). Let n = h - -64. Suppose 2 = 2*c + 2*p, 0*c = 2*c - 5*p - 37. What is the remainder when n is divided by c?
5
Let i be (152/(-20))/(2/(-5)). Suppose i = 4*x - 9. What is the remainder when 32 is divided by x?
4
Let u = -326 + 560. What is the remainder when u is divided by 14?
10
Suppose -3*k - 9 - 21 = -5*w, -4*w = -4*k - 24. Let l be (w + -7)/(1/(-15)). What is the remainder when 13 is divided by (-8)/(-3)*l/10?
1
Let n = 7 - 0. Let m be 5 - (1 - (4 - n)). What is the remainder when 16 is divided by (9/1 - 4)/m?
1
Let i = 8 - 4. Suppose 0 = -i*z + 35 + 5. Suppose -3*x + z + 8 = 0. Calculate the remainder when 8 is divided by x.
2
Suppose m - 6 - 4 = -3*d, -4*m + 5*d + 23 = 0. Suppose -m*t = -6*t - 5. Suppose t*r = -141 + 511. What is the remainder when r is divided by 25?
24
Suppose -3*x = -8*x - 70.